ded by 18?
15
Suppose 56 = 5*h + c - 224, 0 = -3*h - 5*c + 168. Let q be 28/6 - 2/3. What is the remainder when 13 is divided by ((-2)/q)/((-4)/h)?
6
Let y(n) = 5*n**2 + 3*n. Suppose u + 5*q = -27, -4*u + 3*q + 0 + 7 = 0. What is the remainder when 41 is divided by y(u)?
13
Let x(b) = b**2 + b - 1. Let u(g) = 9*g**2 - 3*g + 2. Let t(a) = u(a) - 2*x(a). Calculate the remainder when t(3) is divided by 18.
16
Let f = -78 + 158. Suppose 7*k = 3*k + f. Calculate the remainder when k is divided by 6.
2
Suppose 5*l = -2*s + 30, 0*l = -4*l - 3*s + 31. Let m = l - -10. What is the remainder when m is divided by (-1 + (-3)/(-6))*-10?
4
Suppose 0 = -0*s - 5*s + 10. Suppose 38 = s*j - 42. Let h = j + 6. What is the remainder when h is divided by 12?
10
Let r(u) = -u + 2. Let s be r(3). Let j be (-21)/(-9) + s/3. Suppose 4*b = j*b + 24. Calculate the remainder when b is divided by 7.
5
Let z be (-3)/((27/12)/(-3)). Suppose l - 3*c - 21 = 2, 2*l = -z*c - 4. What is the remainder when ((-27)/(-4))/(2/l) is divided by 14?
13
Suppose 4*t + 1 + 23 = 0. Let o = 7 + t. Calculate the remainder when 4/8 + 3/2 is divided by o.
0
Let t(i) = 41*i**2 - 2*i - 3. Calculate the remainder when t(-1) is divided by 21.
19
Suppose 2*b + t = 3, -4*t = -2*b - 0*b + 18. Suppose -k - 3*k = 5*h - 65, -b*h - 3*k + 39 = 0. What is the remainder when 36 is divided by h?
10
What is the remainder when -30 + 27 - -2*(-96)/(-2) is divided by 19?
17
Suppose -17 = 4*a - 13. Let w(z) = 22*z**2 - 1. What is the remainder when w(a) is divided by 12?
9
Calculate the remainder when 165 is divided by (5/(-10))/(2/(-4))*42.
39
Let r = 1 - -3. Suppose n - 9 = r*n. Let s(q) = q**2 + q. What is the remainder when s(n) is divided by 4?
2
Suppose -60 = -2*g + 4*b, -3*g + 6 + 84 = 5*b. Calculate the remainder when 58 is divided by g.
28
Suppose 3*i - 35 = -5*u, -4*u + 2*u + 14 = 4*i. Calculate the remainder when (-1 - -1)/(-1) - -25 is divided by u.
4
Suppose -12*t + 98 = -5*t. What is the remainder when 48 is divided by t?
6
Suppose -5*l + 47 - 1 = -g, g = l - 6. Suppose -5*h = x - 98, -74 = -4*h - x + 4. Calculate the remainder when (98/(-35))/((-2)/h) is divided by l.
8
Let i be ((-6)/(-5))/(3/20). Let w(q) = -q**2 + 10*q + 1. Calculate the remainder when 50 is divided by w(i).
16
Suppose -3*i = -4*h + 261, -h - 3*i = 4*h - 306. What is the remainder when h is divided by 11?
8
Let r = -37 - -62. What is the remainder when 72 is divided by r?
22
Calculate the remainder when 35 is divided by (-94)/(-5) - (-1)/5.
16
Let s = 94 - 53. Calculate the remainder when s is divided by 14.
13
Suppose -4*r + 8*r = 44. What is the remainder when 97 is divided by r?
9
Let k = 25 + -52. Let t = k - -38. Calculate the remainder when 21 is divided by t.
10
Let d(v) = 10*v + 23. Calculate the remainder when d(4) is divided by 33.
30
Suppose -k + 10 = 4*k. Let w = k + 1. Suppose 5*z = 36 + 4. What is the remainder when z is divided by w?
2
Suppose 4*d - 4*r - 56 = 0, -4*d + r = -7*d + 26. Let m(s) = 3*s**3 - 2*s**2 + s + 1. What is the remainder when m(2) is divided by d?
9
Suppose 3*q + 24 = 2*h, -3*q - 6 = h - 0*q. Suppose d = -1 + h. Suppose -4*m = 3*o - 131, d*o + 0*o = 3*m - 91. Calculate the remainder when m is divided by 11.
10
Suppose 5*c - 95 + 0 = 0. Let m = -6 + c. What is the remainder when m is divided by 7?
6
Let u(w) = w**3 + 13*w**2 + 13*w - 18. What is the remainder when u(-11) is divided by 21?
18
Let c(l) = -11*l**3 - 3*l**2 + l + 2. Let v be c(2). Let z = -29 - v. What is the remainder when z is divided by 23?
21
Let u = 215 + -136. What is the remainder when u is divided by 28?
23
Let r(h) = h**2 + 6*h - 4. Let w be r(-7). Let x be 5*1/w*3. Suppose 8 = -b + x*b. Calculate the remainder when 3 is divided by b.
1
Suppose 2*x - 2 + 0 = -4*u, 2*u + 14 = -4*x. What is the remainder when 14 is divided by u?
2
Suppose c - 14 = -v, -4*v + 28 - 8 = 2*c. Calculate the remainder when 71 is divided by c.
17
Let n = 9 + 5. Let r(s) = 4*s**3 + 3*s**2 - 3*s + 2. Suppose 5*i = 0, -i = 4*f - 0*i - 8. Calculate the remainder when r(f) is divided by n.
12
Let u(y) be the first derivative of -15*y**2/2 + 1. What is the remainder when 59 is divided by u(-1)?
14
Suppose 0 = f + 5*y - 7 - 36, -5*f + 135 = 5*y. What is the remainder when f is divided by 12?
11
Let d(i) = -10*i + 1. Let s(t) = 2*t**2 - 3*t - 3. Calculate the remainder when s(5) is divided by d(-1).
10
Let k(p) = -p**3 - 5*p**2 + 10*p - 2. What is the remainder when 51 is divided by k(-7)?
25
Suppose 0*l + 40 = 4*l. Let z = -19 + 36. Calculate the remainder when z is divided by l.
7
Let r(b) = b**3 - 13*b**2 + 13*b - 8. Let q(a) be the first derivative of -a**2/2 + 7*a + 1. What is the remainder when q(0) is divided by r(12)?
3
Let k(u) = u**3 + 11*u**2 + 9*u - 6. Calculate the remainder when 14 is divided by k(-10).
2
Let k(j) = j**3 + 6*j**2 - 9*j - 14. What is the remainder when k(-6) is divided by 7?
5
Let h = 9 + 0. What is the remainder when 35 is divided by h?
8
Suppose 0 = -3*j + 2*j, -j = -t + 1. Let k(s) = -4*s - t + 6*s - 2. What is the remainder when k(7) is divided by 4?
3
Suppose 3*y = 2*y + 11. Suppose -93 = -8*j + 5*j. Calculate the remainder when j is divided by y.
9
Let p(v) be the third derivative of v**6/120 + v**5/15 + v**3/2 + 3*v**2. Suppose -2*m = m + 12. What is the remainder when 5 is divided by p(m)?
2
Suppose -6*k + 100 = -k. Calculate the remainder when 33 is divided by k.
13
Let y(b) = -13*b**2 + 12*b - 3. Let f(r) = 7*r**2 - 6*r + 2. Let a(h) = -11*f(h) - 6*y(h). What is the remainder when a(7) is divided by 3?
0
Suppose 10 - 40 = -3*o. What is the remainder when 27 is divided by o?
7
Let a(d) = 20*d - 6. What is the remainder when a(6) is divided by 58?
56
Let q(j) be the first derivative of 2*j**3/3 + 3*j**2 - 5*j + 1. Suppose d - 12 = -6. Calculate the remainder when q(-5) is divided by d.
3
Let t(m) = -3*m + 15. Calculate the remainder when t(-6) is divided by 19.
14
Let b = -55 - -72. What is the remainder when (44/(-5))/(2/(-15)) is divided by b?
15
Let j = 8 + -6. Let m(x) = -3*x + 3. Let f(g) = g - 1. Let w(s) = j*m(s) + 5*f(s). What is the remainder when 2 is divided by w(0)?
0
Suppose 57 = 5*b - 2*b. What is the remainder when 36 is divided by b?
17
Let i(o) = -o + 7. Let l(z) = -z - 1. Let s(m) = i(m) + 4*l(m). What is the remainder when s(-4) is divided by 8?
7
Let f = -25 + 35. Suppose -4*j = 2*n + f, -3*n + 5 = -j - 8. Calculate the remainder when j*(-3)/(-6)*-1 is divided by 1.
0
Let r(y) = 3*y**2 - 5*y + 7. Calculate the remainder when 150 is divided by r(3).
17
Suppose -3*u + 26 = -5*j, -5*j = 5*u - 2*u - 16. Let m = -5 + u. Suppose z + k = 23, -m*z + 82 = 2*z - k. Calculate the remainder when z is divided by 11.
10
Let h(t) = -t**3 - 17*t**2 - 3*t + 12. What is the remainder when h(-17) is divided by 16?
15
Suppose 0 = -3*g + 201 + 48. Calculate the remainder when g is divided by 14.
13
Let x = 0 + 19. Suppose 3*u - 231 = -3*r - 24, -u - 4 = 0. Calculate the remainder when r is divided by x.
16
Suppose 61 = 4*o - 5*p - 18, -o = -p - 20. Calculate the remainder when 39 is divided by o.
18
Suppose -5*q + 66 = -2*q. What is the remainder when q is divided by 11?
0
Let b(f) = -f. Let p be b(2). Let s be 6/2*(-2)/p. Suppose 0 = 2*n + n - s. Calculate the remainder when 2 is divided by n.
0
Let i = 4 - 4. What is the remainder when -1 - (4 - i)*-4 is divided by 8?
7
Let j(c) = 2*c**2 - c + 1. What is the remainder when (66/55)/((-2)/(-50)) is divided by j(3)?
14
Let w = -13 + 29. Suppose 0 = 2*d - 46 - 46. Calculate the remainder when d is divided by w.
14
Let r = 127 - 89. Calculate the remainder when 151 is divided by r.
37
What is the remainder when 19 is divided by 10/25*5 + 8*1?
9
Suppose -26*q = -25*q - 117. Calculate the remainder when q is divided by 17.
15
Let g = 4 - -7. Let d(x) = x**3 + 7*x**2 - x - 11. Let v be d(-7). Let s = 34 + v. What is the remainder when s is divided by g?
8
Let d(u) = 23*u**2 - 9*u - 9. Let g(w) = 11*w**2 - 4*w - 4. Let c(z) = -4*d(z) + 9*g(z). Calculate the remainder when c(-2) is divided by 1/3 + (-88)/(-6).
13
Suppose 1 = -h - 0, -3*z - 3*h = -183. Calculate the remainder when z is divided by 21.
20
Suppose -r - 2*r + 9 = 0. Let g(k) = -2*k - 4. What is the remainder whe